 + -16. Let i(t) = -t**2 - t + 6. Determine i(s).
6
Let j(n) = n**3 - 2*n - 1. Let l = -28 - -26. What is j(l)?
-5
Let u = -36 - -33. Let f(s) = 2*s + 0*s - 3 - 2*s**2 - 7*s. Calculate f(u).
-6
Let s(h) = -h**3 + 8*h**2 - 2. Suppose 0 = -g - 5*g + 48. What is s(g)?
-2
Suppose 5*h + 3*o + 26 - 2 = 0, 5*o + 8 = -3*h. Let j(m) = 3*m - 2*m + 6 - 2*m + 3*m. What is j(h)?
-6
Let p(i) = -i**3 - 9*i**2 - 8*i - 5. Suppose 0*u - 12 = 3*u, 5*s - 4*u = -24. Determine p(s).
-5
Let l(i) = 4 - 49*i - i**2 - 3 + 49*i. Give l(0).
1
Let g(f) = -3*f**2 + 2*f + 1. Suppose -4*n - 8 = -3*h + h, -2*h + 5*n + 11 = 0. Let b be (1/2)/(1/h). What is g(b)?
-4
Let r = -136 + 135. Let p(s) = 16*s**2 - s. Calculate p(r).
17
Let m(z) = z**3 - 10*z**2 + z - 4. Let i be m(10). Let u(f) = f**3 - 5*f**2 - 6*f - 3. What is u(i)?
-3
Let v(i) = i. Let a = -1 - -3. Suppose 2*l - 4 = -a. Suppose 0 = -5*x + 4*y + 2, 0*y + y = x - l. Calculate v(x).
-2
Let i(a) = 3*a - 12*a - 6 + 8*a + 5*a**2. Let b be 2/(-6) + (-17)/3. Let q(m) = m**2 - 1. Let j(p) = b*q(p) + i(p). Give j(-3).
-6
Let k(j) be the first derivative of j**4/4 - 10*j**3/3 + j**2/2 - 5*j + 8. Determine k(10).
5
Let p(d) = -d**3 + 5*d**2 - 5*d + 4. Let s = -13 + 2. Let y = -15 - s. Let h be (-12)/(-8) - 6/y. Give p(h).
7
Let z = 13 + -10. Let b(d) = -3*d**2 - 1. Let m(l) = 2*l**2 + l. Let y(k) = z*b(k) + 4*m(k). Give y(4).
-3
Let q = -9 + 8. Let i(m) = 3*m**2 - 2*m**2 + 5*m**2. Determine i(q).
6
Let l(h) = -h**3 + 4*h**2 + 2*h - 3. Let a = 10 - 6. Let w be l(a). Let s(g) = 2*g - 5. What is s(w)?
5
Let k(p) = -p**3 + p**2 - p - 20. Suppose 31*h = 27*h. Calculate k(h).
-20
Let x(g) = 2*g**3 - 2*g**2 - 6*g - 1. Let o(c) = 3*c**3 - c**2 - 7*c. Let f(k) = 3*o(k) - 4*x(k). What is f(-4)?
8
Let d(s) = s**3 + s**2 - 3*s + 4. Let a be -2 + (-3 - 4/(-2)). What is d(a)?
-5
Let q be (-2)/(-1) + 2 + -2. Let t(h) = -5*h**2 + 2*h**2 + h**3 + 0*h**3 + 0*h - q*h. Let p be t(3). Let c(u) = u**3 + 7*u**2 + 7*u + 5. Give c(p).
-1
Let g(i) = i**3 + 7*i**2 - 5. Let a be g(-7). Let h(d) = 2 - d**2 - 3*d - d - 1. Calculate h(a).
-4
Let j(s) = -s - 6. Let d be j(-7). Let c(w) = -8*w**3 + w**2 - 2*w + 1. Calculate c(d).
-8
Suppose 0*c - 4*p - 6 = 2*c, 4*p - 19 = 3*c. Let j be 8 + (-3 - c)*-2. Let y(s) = -s + 5. What is y(j)?
1
Let j(r) = -r - 7. Let c(a) = -2*a**3 - 3*a**2 - a. Let g be c(-2). What is j(g)?
-13
Suppose -4*f + 0 + 12 = 0. Suppose -3*j - 12 = -d, -f*d = -2*j - 13 - 2. Let s(u) = -3*u**2 - 4 + d + 4*u**2. Calculate s(1).
0
Let c(f) = -f**3 + 6*f**2 - 8*f + 6. Let s be 2 + -2 + 20/((-16)/(-4)). Calculate c(s).
-9
Let u(m) = m**2 - 10*m + 5. Let v(c) = -c**2 - 5*c + 9. Let l be v(-5). Give u(l).
-4
Suppose 5*f = 2*u - 22 - 0, 0 = -f - 5*u + 1. Let q = f + 4. Let n(a) = q*a**3 - 5*a**2 - a**3 + a**2 - 3*a - 5 + 7*a. What is n(-5)?
0
Let u(m) = m**3 + 7*m**2 + 4*m - 1. Suppose k - 4*v = -2*k + 31, -3*v - 3 = 0. Let f = 3 - k. Determine u(f).
11
Let b(m) = -4*m + 3. Let p(u) = -5*u + 3. Let q(c) = c**2 + 4*c + 6. Let g be q(-4). Let y(r) = g*p(r) - 7*b(r). Suppose -5*v - 21 - 4 = 0. Determine y(v).
7
Suppose 7 + 13 = 5*n. Let d = 3 - n. Let k(t) = 4*t + 1. Calculate k(d).
-3
Let s(u) = -u**3 - 4*u**2 + 5*u - 6. Let g be s(-5). Let d(c) = -c**3 - 7*c**2 - 7*c - 6. Give d(g).
0
Let x(u) = -u**3 - 7*u**2 - 5*u + 1. Let p be x(-6). Let n(j) = j**3 + 5*j**2 + j + 6. What is n(p)?
1
Let o(i) = 2*i**2 + i. Let z be o(-2). Suppose 5*l = z + 9. Suppose 0 = -0*a - l*a - 9. Let u(m) = m**3 + 2*m**2 - 2*m + 3. Calculate u(a).
0
Let q(x) = x**3 - 1. Let y(o) = 4*o**3 - o - 2. Let d(k) = -3*q(k) + y(k). Let t = -7 + 11. Suppose 5*v = 4*s + 27 - 6, t*s = -16. Calculate d(v).
1
Let v(f) = f. Let x(n) = 7*n + 1. Let j(b) = -13*b - 3. Let u(r) = 2*j(r) + 5*x(r). Let k(p) = -u(p) + 6*v(p). Give k(1).
-2
Let o(y) = -2*y + 2*y**2 + 5*y**2 - 2*y + y**3 + 4 - 11*y**2. Give o(5).
9
Let n be 2/3 - 2/3. Suppose -5*h = -n*h - 2*k + 3, 5*k = -5*h - 10. Let z(u) be the second derivative of 2*u**5/5 - u**4/12 - u**3/3 - u**2/2 - u. Give z(h).
-8
Let h(v) = v**3 - 5*v**2 + 6*v. Let z(n) = n**2 + 2*n - 4. Let t be z(2). Give h(t).
8
Suppose k + 13 = 10. Let g(y) = 4*y - 1. Give g(k).
-13
Let m = 7 + -9. Let z(r) = -r**2 + r. Give z(m).
-6
Let a(q) = q**2 - 4*q + 3. Suppose 0 = 4*b - 17 - 43. Suppose -t = -4*t + b. Calculate a(t).
8
Let w be ((-5)/4)/(2/(-8)). Let o(v) = 4*v**2 - 3*v - 3. Let t(x) = x**2. Let q = 11 + -10. Let a(m) = q*o(m) - 3*t(m). Determine a(w).
7
Let v = 32 - 33. Let p(d) = d**2 + 2*d + 1. Calculate p(v).
0
Let m = -3 + 6. Let p(l) = l**2 + 0*l**2 + 2*l + m + 3*l + 1. Determine p(-5).
4
Let u(l) = 1 + 0 - 4*l**2 - 6*l**3 - 4*l + 5*l + 3*l**2. Give u(-1).
5
Let z(v) = v**3 + 9*v**2 + 9*v - 11. Suppose 4*t + 32 = 2*j - 5*j, -4*t - 5*j = 32. Give z(t).
-19
Let c(s) be the third derivative of -s**4/24 - 2*s**3/3 + 16*s**2. Suppose -4*i - 35 = -3*k - 5, -3*k = -3*i - 24. Give c(i).
2
Suppose 3*k = k + 6. Let j be ((-70)/(-15))/((-2)/k). Let q(p) = -p**2 - 8*p - 2. Determine q(j).
5
Let q(j) = j + 2. Let v be (-1)/(-2) + 13/(-2). Let k = -4 - v. Let m(p) = -p - 2. Let z(o) = k*m(o) + 3*q(o). Calculate z(-2).
0
Let k(g) = -3*g. Let f(r) be the second derivative of -r**3/6 + 9*r**2/2 + r. Let w be f(9). Suppose -2*s - 2 = -w*s. Calculate k(s).
3
Suppose 2*j = 6*j + 32. Let v = 5 + j. Let d = v - -4. Let o(n) = 2*n**2 + 2*n - 1. Determine o(d).
3
Let i(t) = -t + 4. Let z(p) = 2*p - 8. Let b(f) = 5*i(f) + 2*z(f). Determine b(3).
1
Let a = -23 + 26. Suppose s + 4*d - 15 + a = 0, 6 = -2*s + 2*d. Let r(w) = w + 3. Give r(s).
3
Let g(t) = -t**3 - 4*t**2 + 7*t + 7. Suppose b - 6 = 6. Let i be 3/b - (-63)/(-12). What is g(i)?
-3
Let b(f) = -8*f**3 - 20*f**2 + f + 5. Let z(k) = 3*k**3 + 7*k**2 - 2. Let x(a) = 4*b(a) + 11*z(a). Calculate x(2).
2
Let g(h) = -3*h**2 + 4*h - 4. Let f(s) = -3*s**2 + 5*s - 5. Let o(n) = 3*f(n) - 4*g(n). Let d be o(1). Let z(i) = 2 + 2*i - i + d. What is z(-3)?
2
Let k(r) = 7*r - 4. Let v be k(3). Let g be 4/14 - 75/(-7). Let c = v - g. Let q(o) = o**2 - 6*o + 3. Calculate q(c).
3
Let i be 6/39 + 72/39. Let s(y) = -i - 4*y + y + 2*y. Give s(-1).
-1
Let d(y) = -15 + 2*y**2 + y - y**2 + 14. Give d(-3).
5
Let v = -7 + 10. Suppose -4*l + 1 = -v*l. Suppose m = l - 0. Let k(r) = 2*r - 1. What is k(m)?
1
Let p(f) = 9*f - 6*f**2 + 10 - f**3 + 2*f - 3*f. What is p(-7)?
3
Let l be 22/(-8) + ((-21)/(-12) - 1). Let b(c) = -3*c**3 - c**2 - 2*c - 3. Let k(v) = 3*v**3 + 2*v**2 + 2*v + 2. Let g(a) = 2*b(a) + 3*k(a). Give g(l).
-12
Let k(u) = 3*u**3 - 1 + 0*u - 2*u**2 + 0 - 2*u - 2*u**3. Determine k(3).
2
Let r = 5 + -1. Suppose 8 = -2*f, -2*q - r*f - f = 28. Let b(l) = -l**2 - 5*l + 1. Give b(q).
5
Suppose 3*v - 2*w - 16 = 0, 3*w + 12 = v - 5. Let c(j) = j - 2*j + 1 + v*j + 8. What is c(-6)?
3
Let x(m) be the third derivative of 1/12*m**4 + 0 + 2/3*m**3 + m**2 + 0*m. Let c(g) = -g**3 - 5*g**2 + 2*g + 7. Let w be c(-5). What is x(w)?
-2
Let z(n) be the first derivative of n**3/3 - 9*n**2/2 + 8*n + 5. Calculate z(7).
-6
Let x be (-3)/((-4)/(4 + 0)). Let y(j) = 2. Let w(i) = i - 7. Suppose -4*r - n - 3*n = 12, -r - 5*n - 23 = 0. Let c(o) = r*w(o) + 7*y(o). Calculate c(x).
6
Let j(x) = 8*x**2 + 2*x + 1. Suppose 0 = 4*w + 5*m - 11, 8 + 6 = -2*w + 4*m. Calculate j(w).
7
Let n(z) be the third derivative of -z**5/60 - z**4/24 + z**3/2 + 6*z**2. Give n(-3).
-3
Let i(u) be the first derivative of u**3/3 + 3*u**2 - 6*u + 5. Let s(o) = o**2 - 8*o + 1. Let r be s(7). Calculate i(r).
-6
Let d(t) = 9*t**3 + t**2. Let m(o) = -o**3 + 11*o**2 - 11*o + 11. Let l be m(10). Calculate d(l).
10
Let u(l) = -2 + 73*l + 74*l - 149*l. Determine u(2).
-6
Suppose 2 = 4*k - 10. Suppose -25 = -8*q + k*q. Let z(t) = -2*t**2 + 6*t + 3. Determine z(q).
-17
Suppose 5*n = 5*y + 15, 0*n + 22 = 5*n + 2*y. Let f(h) = 3 - 6 + 0 + n - 3*h - h**2. What is f(-3)?
1
Let u(z) = 4*z - 8. Let h(c) = -c. Let x(w) = 3*h(w) + u(w). Give x(8).
0
Suppose -g = -3 + 1. Let d(x) = x**2 - 3*x + 2. Let s be d(g). Let b(q) = 0 + q - q**2 - 7 - 1. What is b(s)?
-8
Let l(w) = 16*w + 1 + 7*w - 24*w. Determine l(7).
-6
Let a(g) = -g**3 + 2*g - 2. Let p be a(2). Let h(v) = -2*v**3 - 7*v**2 - 7*v - 19. Let k(q) = -q**3 - 4*q**2 - 3*q - 9. Let b(r) = 2*h(r) - 5*k(r). Give b(p).
1
Suppose 2*u = -2*u + 16, -2*u + 26 = 